a factor of 11688972?
False
Is 278 a factor of 2408136?
False
Is 18 a factor of 65231?
False
Is 38 a factor of 9273614?
False
Is 2478862 a multiple of 58?
True
Is 29 a factor of 85695?
True
Is 184626 a multiple of 234?
True
Is 2131543 a multiple of 20?
False
Is 352274 a multiple of 12?
False
Is 25 a factor of 17250?
True
Is 1302987 a multiple of 570?
False
Is 3781330 a multiple of 17?
False
Does 61 divide 1761619?
True
Is 19 a factor of 1904278?
False
Is 34 a factor of 120397?
False
Is 113444 a multiple of 37?
False
Is 18 a factor of 603846?
True
Is 12 a factor of 347899?
False
Is 104191 a multiple of 5?
False
Does 18 divide 12548155?
False
Is 839047 a multiple of 919?
True
Is 128161 a multiple of 634?
False
Does 9 divide 47848?
False
Is 478 a factor of 39015?
False
Is 15060676 a multiple of 54?
False
Is 87 a factor of 850432?
False
Is 15 a factor of 240285?
True
Does 6 divide 159218?
False
Is 5221415 a multiple of 123?
False
Is 1569269 a multiple of 69?
False
Is 14 a factor of 7265578?
False
Does 500 divide 378000?
True
Is 4368272 a multiple of 31?
True
Does 2 divide 154330?
True
Is 217952 a multiple of 56?
True
Is 2220 a factor of 25304979?
False
Is 25 a factor of 1782650?
True
Does 13 divide 877253?
True
Is 655385 a multiple of 23?
True
Is 1018 a factor of 10049696?
True
Is 3235959 a multiple of 96?
False
Is 30 a factor of 1022850?
True
Is 164990 a multiple of 35?
True
Is 12 a factor of 10253509?
False
Does 149 divide 13544994?
True
Is 625262 a multiple of 196?
False
Does 907 divide 1339639?
True
Is 49 a factor of 3081253?
False
Is 218736 a multiple of 434?
True
Is 673 a factor of 19628869?
False
Is 25 a factor of 6439032?
False
Is 123301 a multiple of 6?
False
Is 122766 a multiple of 74?
True
Is 135136 a multiple of 14?
False
Is 24086632 a multiple of 1585?
False
Is 97 a factor of 48762?
False
Is 21 a factor of 86912?
False
Is 3480425 a multiple of 325?
True
Is 14136 a multiple of 114?
True
Does 24 divide 12248208?
True
Is 962766 a multiple of 378?
True
Is 166 a factor of 820521?
False
Is 27 a factor of 430609?
False
Is 70050 a multiple of 21?
False
Is 903408 a multiple of 232?
True
Is 95310 a multiple of 6?
True
Does 117 divide 66654?
False
Is 533368 a multiple of 209?
True
Is 96 a factor of 8868060?
False
Does 7 divide 1804425?
True
Is 55 a factor of 1090815?
True
Is 6 a factor of 12603?
False
Is 227 a factor of 628165?
False
Is 1403203 a multiple of 173?
True
Does 259 divide 403609?
False
Is 157 a factor of 217445?
True
Is 90 a factor of 139193?
False
Is 23088 a multiple of 12?
True
Is 27 a factor of 5859?
True
Is 4 a factor of 590792?
True
Is 253 a factor of 1283326?
False
Is 17 a factor of 97034?
False
Is 1049955 a multiple of 15?
True
Is 5 a factor of 730776?
False
Is 5 a factor of 10231?
False
Does 281 divide 217494?
True
Is 144653 a multiple of 17?
True
Is 174558 a multiple of 94?
True
Is 1439172 a multiple of 14?
True
Is 135410 a multiple of 11?
True
Is 159187 a multiple of 25?
False
Is 154104 a multiple of 24?
True
Is 52 a factor of 1597463?
False
Does 19 divide 356003?
True
Is 48 a factor of 1278581?
False
Is 214 a factor of 32100?
True
Is 934156 a multiple of 462?
False
Is 2074647 a multiple of 5?
False
Is 271806 a multiple of 534?
True
Is 35 a factor of 340270?
True
Is 196382 a multiple of 82?
False
Is 4064952 a multiple of 12?
True
Does 2 divide 41895?
False
Does 557 divide 2256864?
False
Is 6298760 a multiple of 52?
True
Is 192396 a multiple of 5?
False
Is 26 a factor of 19393?
False
Does 33 divide 5208528?
False
Is 717824 a multiple of 128?
True
Is 698 a factor of 10709414?
True
Does 88 divide 221108?
False
Is 32 a factor of 119052?
False
Is 755 a factor of 3152880?
True
Does 659 divide 24234376?
False
Does 57 divide 4954825?
False
Is 66250 a multiple of 10?
True
Is 9225705 a multiple of 5?
True
Does 7 divide 538139?
True
Does 83 divide 108131?
False
Is 18 a factor of 2553894?
True
Is 397 a factor of 727448?
False
Does 18 divide 150656?
False
Does 9 divide 41140?
False
Is 122016 a multiple of 41?
True
Is 675581 a multiple of 18?
False
Is 59 a factor of 73764?
False
Does 340 divide 62740?
False
Does 8 divide 1630757?
False
Is 7 a factor of 572750?
False
Does 413 divide 1245893?
False
Is 215 a factor of 222740?
True
Is 289800 a multiple of 21?
True
Is 63560 a multiple of 140?
True
Is 1691619 a multiple of 51?
True
Is 84 a factor of 42717?
False
Is 168 a factor of 2304456?
True
Is 50686 a multiple of 99?
False
Is 7 a factor of 134029?
True
Does 17 divide 2696710?
True
Is 136 a factor of 461028?
False
Does 3 divide 25757?
False
Is 1094 a factor of 2034465?
False
Does 14 divide 579883?
False
Does 52 divide 26572?
True
Is 429800 a multiple of 35?
True
Is 22 a factor of 4543755?
False
Is 953740 a multiple of 430?
True
Is 166 a factor of 6958720?
True
Does 6 divide 44289?
False
Does 3 divide 1083?
True
Is 18363263 a multiple of 63?
False
Does 51 divide 350758?
False
Does 44 divide 7614360?
False
Does 49 divide 4598650?
True
Does 613 divide 887037?
False
Does 11 divide 3507416?
True
Is 123 a factor of 877622?
False
Is 1760176 a multiple of 22?
True
Is 27 a factor of 570949?
False
Is 120525 a multiple of 376?
False
Does 193 divide 275025?
True
Is 3528282 a multiple of 51?
True
Is 1601206 a multiple of 460?
False
Is 267259 a multiple of 4?
False
Is 22688812 a multiple of 17?
True
Is 94 a factor of 578931?
False
Is 192 a factor of 549120?
True
Does 297 divide 18766539?
True
Is 157489 a multiple of 279?
False
Is 468355 a multiple of 22?
False
Is 171938 a multiple of 144?
False
Does 14 divide 2075800?
False
Does 3 divide 6359?
False
Is 380688 a multiple of 44?
True
Does 5 divide 827509?
False
Is 552 a multiple of 4?
True
Does 19 divide 3721552?
False
Does 327 divide 32373?
True
Does 15 divide 24047?
False
Is 69 a factor of 3160269?
True
Does 21 divide 506478?
True
Is 1125 a factor of 16273125?
True
Does 6 divide 869321?
False
Does 116 divide 175349?
False
Is 569450 a multiple of 175?
True
Is 14 a factor of 232482?
False
Is 200770 a multiple of 34?
True
Does 41 divide 595010?
False
Does 66 divide 55172?
False
Is 115228 a multiple of 459?
False
Is 10 a factor of 154020?
True
Is 19 a factor of 1254437?
True
Is 49 a factor of 20425209?
True
Is 523 a factor of 423184?
False
Is 4 a factor of 104617?
False
Is 1108 a factor of 8996960?
True
Does 7 divide 121023?
True
Is 10 a factor of 5506288?
False
Is 64385 a multiple of 19?
False
Is 11 a factor of 79420?
True
Is 2 a factor of 1637921?
False
Is 333 a factor of 333?
True
Does 1074 divide 6838158?
True
Is 1949210 a multiple of 10?
True
Does 6 divide 4530128?
False
Is 14 a factor of 27887?
False
Does 330 divide 2959110?
True
Is 234192 a multiple of 34?
True
Is 34 a factor of 6378821?
False
Is 1977 a factor of 3960567?
False
Is 6869465 a multiple of 445?
True
Is 53785 a multiple of 155?
True
Is 15 a factor of 5580?
True
Is 1564001 a multiple of 43?
False
Does 9 divide 18076842?
True
Is 26 a factor of 211248?
False
Is 87 a factor of 834652?
False
Is 796620 a multiple of 17?
True
Does 113 divide 4628595?
False
Is 7 a factor of 227765?
False
Is 43 a factor of 39446?
False
Is 2588579 a multiple of 133?
True
Does 11 divide 90981?
True
Does 28 divide 2070675?
False
Is 1400945 a multiple of 65?
True
Is 1450882 a multiple of 307?
True
Is 606200 a multiple of 11?
False
Does 26 divide 455104?
True
Does 114 divide 5598198?
True
Does 29 divide 102999?
False
Is 666360 a multiple of 40?
True
Is 2059244 a multiple of 374?
True
Is 434161 a multiple of 12?
False
Is 84546 a multiple of 154?
True
Is 12 a factor of 1333092?
True
Is 9411844 a multiple of 26?
True
Is 130617 a multiple of 9?
True
Is 4 a factor of 820271?
False
Is 404 a factor of 3063128?
True
Is 1360179 a multiple of 14?
False
Does 18 divide 586376?
False
Is 21020 a multiple of 20?
True
Is 17 a factor of 19036498?
True
Is 3354480 a multiple of 216?
True
Is 117 a factor of 688799?
False
Does 270 divide 103042?
False
Is 2261 a factor of 8196125?
True
Is 239573 a multiple of 18?
False
Is 5 a factor of 8204822?
False
Does 275 divide 447975?
True
Does 22 divide 2096807?
False
Is 1197280 a multiple of 224?
True
Is 19 a factor of 262865?
True
Is 8144801 a multiple of 514?
False
Is 7 a factor of 103665?
False
Does 38 divide 17587847?
False
Does 111 divide 5